mon factor of v and 29.
29
Let v(h) = -5*h + 27. Let n be v(5). Suppose 2 = b + b. Let y be -4 + b + n + 28. Calculate the greatest common divisor of y and 243.
27
Suppose 8*s - 3*s + 45 = 0. Let x(a) = 10*a + 13. Let g be x(s). Let w be (-172)/(-14) + 22/g. What is the highest common factor of 84 and w?
12
Let g(h) = 10*h**2 + h - 4. Let z be g(2). Let t = -22 + z. Let l(u) = -3*u + 1. Let b be l(-1). What is the highest common factor of b and t?
4
Let z(f) = -f**3 + 6*f**2 + 14*f + 2. Let d be z(8). Let t be d/(-21) + 50/6. Calculate the highest common factor of 63 and t.
9
Suppose -3*o = 5*j - 167, 0 = -j - 4*o - 0 + 30. Calculate the greatest common factor of 459 and j.
17
Let o be (-64)/12*(-27)/18. What is the highest common factor of 100 and o?
4
Suppose 0*m + 2*r - 71 = -m, r + 74 = m. Let k be (-146)/m*5*(-2)/4. Calculate the greatest common factor of 5 and k.
5
Let m(a) = -19*a - 11. Let s(g) = 9*g + 5. Let w(k) = -4*m(k) - 7*s(k). Let b be w(5). What is the greatest common divisor of b and 37?
37
Suppose 3*n = 3*y - 0*y + 9, 3*n = -2*y + 4. What is the highest common factor of n and 2?
2
Let a = 1248 + -1024. Calculate the greatest common factor of a and 14.
14
Let i = -20 + 53. Suppose -69*d = -6503 - 328. What is the greatest common factor of i and d?
33
Suppose 0 = -2*w + 5 - 129. Let r = w - -76. Calculate the highest common divisor of r and 7.
7
Suppose 0 = 2*h - 3 + 13, 5*h + 97 = -4*d. Let a = -18 - d. Suppose 2*k + a - 48 = 0. What is the highest common factor of k and 3?
3
Let t = 78 - 24. Calculate the greatest common divisor of t and 6.
6
Let g be 4 - 1 - 2/(-2). Let h = 16 - 12. Suppose 2*n - 4 = -l + 6, h*l - 4 = n. Calculate the highest common divisor of g and l.
2
Suppose 40*m = 26*m + 56. What is the greatest common divisor of 48 and m?
4
Let g = -38 + 90. Let b = g + -32. Suppose 0*y + 2*y = 4, -4*y - 52 = -x. What is the greatest common divisor of b and x?
20
Let n = 34 - 14. Suppose -127*o + 1 = -128*o, -3*i - 5*o + 25 = 0. Calculate the greatest common factor of n and i.
10
Let w(p) = -p**3 + 21*p**2 + 22*p + 20. Let k be w(22). Suppose -2*s + 2*z = -k, s - 30 = -2*z - z. What is the greatest common divisor of s and 5?
5
Let a be 1/(-3 - (-920)/305). Let y = a - 49. Calculate the highest common factor of y and 36.
12
Let u = -98 + 66. Let c = 45 + u. Calculate the highest common divisor of 208 and c.
13
Suppose 3*y + 163 = -4*l, 2*l = l - 3*y - 52. Let z = l + 59. Calculate the highest common factor of 11 and z.
11
Suppose 25 = -5*a, -2*b + 36 = 2*a + 8. Let l = b - 11. Let j be (-75)/10*l/(-5). Calculate the greatest common divisor of j and 48.
12
Let q(l) = -6*l - 24. Let g = -20 + 10. Let r be q(g). Let x(j) = -2*j**2 + 13*j - 2. Let w be x(6). What is the highest common factor of w and r?
4
Let w = -250 - -299. Calculate the highest common factor of 14 and w.
7
Let r(g) = -2*g**2 + 37. Let o be r(5). Let p = 15 - o. Calculate the greatest common factor of 196 and p.
28
Let h(r) = -r**2 + 7*r + 20. Let g be h(9). Suppose g*d - 50 = -2*u + 6*u, 6 = 3*u. Calculate the highest common divisor of d and 145.
29
Let v be (20 + -16)/(2/40). Let l be 1888/v + (-6)/(-15). Let f be -2 - (1 - (0 - -19)). Calculate the highest common factor of l and f.
8
Let i(d) = d**3 + d**2 + 2*d + 25. Let b be i(0). Let u = b - 7. What is the greatest common factor of u and 2?
2
Suppose -5*k + 18 = -4*b - 24, 0 = k + 5*b + 9. Let u be (-24*(-4)/k)/2. What is the highest common divisor of u and 4?
4
Let y(j) = 14*j - 3 - 1 - 13*j. Let i be y(13). Calculate the highest common factor of 18 and i.
9
Suppose 6 = -2*f - 2*l + 16, 0 = -4*f + 2*l + 50. What is the greatest common divisor of 490 and f?
10
Suppose -2*s + 36 = -30. Suppose 248 = 4*n - 5*k, -n + 4*k + s + 29 = 0. What is the greatest common factor of 2 and n?
2
Let i = 33 + -34. Let b be (-6)/(i + 15/20). Suppose 0 = -t - g + 31, 3*g = -3*t + g + 98. What is the highest common factor of b and t?
12
Let n be (-3)/6*0 - 2. Let b(m) = -18*m**3 + 2*m**2 - m - 2. Let q be b(n). Let u be 2 + -3 + 19 - -1. What is the greatest common divisor of q and u?
19
Suppose -5*f = -4*s + 1258, 6*s - 5*f = 4*s + 634. What is the highest common divisor of s and 6?
6
Suppose 3*w - 2*w - 14 = 0. Let g be 1670/w + 8/(-28). Suppose 5*t - 409 + g = 0. What is the highest common factor of 87 and t?
29
Suppose 450 = -14*t + 24*t. Calculate the greatest common factor of t and 120.
15
Suppose -4*f - 2*g = -22, f - 4*g + 32 = 6*f. Suppose -5*w - 3*s = 2*s - 55, -f*w = 3*s - 44. What is the highest common divisor of w and 121?
11
Suppose 9*a = 4*a - 4*j + 1657, -329 = -a - 2*j. What is the greatest common divisor of a and 74?
37
Let o = -103 + 106. Suppose -w = -4*f - 18, w + f = -2*f - o. What is the highest common divisor of 15 and w?
3
Let w(s) = -5*s**2 - 1. Let m be w(1). Let n be (-1)/(3*1/m). What is the greatest common divisor of n and 1?
1
Let y(h) = -7*h + 68. Let c be y(8). What is the greatest common factor of c and 76?
4
Suppose 5*p = 2*u + 152, -3*p - 4*u - 94 = -6*p. What is the highest common divisor of p and 3810?
30
Suppose 0 = 2*t - 5*j + 1, 2*j - 10 = -4*t - 0*j. Suppose t*v - 29 + 19 = 0. What is the greatest common factor of 40 and v?
5
Let l be (4 + -5)*3 + (-53)/(-1). Calculate the greatest common factor of l and 5.
5
Let b = 16 + -9. Suppose b*c = -c - 24. Let r be 148 + (1 - c)*1. Calculate the greatest common divisor of 19 and r.
19
Suppose -m = -4*y + 86 + 40, -102 = -3*y - 3*m. What is the highest common factor of y and 24?
8
Let b be 1/((2 - 6) + 26/6). Let g = b + 30. Let d(s) = s**2 - 7*s + 9. Let j be d(6). Calculate the highest common factor of j and g.
3
Suppose -l = 0, 3*q - 7*q = 5*l - 192. Let z = -4 - -10. Calculate the greatest common divisor of z and q.
6
Let u = -462 + 483. Calculate the highest common factor of u and 42.
21
Let y(r) = -r + 15. Let t be y(14). Let i be 28 - t - (0 + 0). Calculate the highest common factor of 27 and i.
27
Suppose 2*k + t = 6, 30*k - t + 1 = 31*k. What is the greatest common factor of k and 25?
5
Suppose -3*t - 4*j - 92 = -385, 4*t - 392 = -5*j. Let o = -91 + t. Calculate the highest common factor of o and 192.
12
Let z(f) = -17*f**3 - 2*f**2 + 2. Let x be z(-1). What is the greatest common divisor of x and 17?
17
Let h = 29 + -27. Suppose h*f = 63 + 157. What is the highest common factor of f and 10?
10
Suppose -60*f + 36478 = -8342. What is the highest common divisor of 9 and f?
9
Let t = 404 - 392. Calculate the highest common divisor of 198 and t.
6
Let a = 1475 + -1397. Let w be (-2)/3 + 238/6. Calculate the greatest common divisor of a and w.
39
Let v(r) = 32*r + 174. Let o be v(3). Calculate the greatest common factor of 54 and o.
54
Suppose 28 = -2*w - 3*n + 86, 0 = 3*w - 4*n - 121. Calculate the greatest common divisor of w and 91.
7
Let y be (-194)/(-10) + (-12)/30. Let p = 16 - y. Let f = 4 - p. Calculate the greatest common factor of 49 and f.
7
Suppose -3*d = w - d - 15, -5*w + 3*d = -10. Suppose 4*z + 436 = w*g, 5*g - 3*z = -7*z + 444. Calculate the greatest common divisor of 11 and g.
11
Suppose 2*s - 6*s + 4 = 0. Let j be (-10)/10*(-6)/s. What is the highest common factor of 48 and j?
6
Suppose 4*h - 140 = -0*h. Suppose 480 = -4*y - 5*w, 0*w + w + 360 = -3*y. Let u be 2/5 + (-3)/(y/9784). Calculate the highest common divisor of h and u.
35
Let m(w) = w**3 - 43*w**2 - 87*w - 75. Let a be m(45). Let s(o) = 2*o**2 + 3*o - 2. Let i be s(2). Calculate the highest common factor of i and a.
12
Suppose -385 + 1320 = 17*x. What is the greatest common factor of 495 and x?
55
Let w(m) = -9*m - 70. Let d be w(-8). What is the highest common factor of d and 16?
2
Let h = -107 - -237. What is the highest common divisor of h and 10?
10
Let w(u) = -u**3 - 2*u**2 + 2*u + 2. Let j be w(2). Let o be (-134)/j + (-8)/20. What is the greatest common divisor of 39 and o?
13
Suppose 5*b = -4*y + 16, 3*b + 6*y = 4*y + 8. Suppose b = 24*a - 28*a + 120. Calculate the highest common divisor of a and 105.
15
Let w(b) = -b**3 + 13*b**2 - 12*b + 3. Let n be w(12). Let k be 3 + -5 + n + 13. Let d be 2 - (96 - 0)*-1. What is the greatest common factor of k and d?
14
Let m be (-102)/(-8)*(-24)/(-2). Suppose -24*d = -30*d + 102. Calculate the greatest